te the remainder when 99 is divided by 35.
29
Calculate the remainder when 4399 is divided by 50.
49
Calculate the remainder when 797 is divided by 3.
2
What is the remainder when 2362 is divided by 27?
13
Calculate the remainder when 930 is divided by 42.
6
Calculate the remainder when 241 is divided by 62.
55
Calculate the remainder when 798 is divided by 89.
86
Calculate the remainder when 73 is divided by 4.
1
Calculate the remainder when 5738 is divided by 99.
95
Calculate the remainder when 252 is divided by 69.
45
Calculate the remainder when 2339 is divided by 17.
10
What is the remainder when 3343 is divided by 666?
13
Calculate the remainder when 1770 is divided by 9.
6
What is the remainder when 147 is divided by 76?
71
What is the remainder when 421 is divided by 145?
131
What is the remainder when 716 is divided by 36?
32
What is the remainder when 3427 is divided by 342?
7
What is the remainder when 1257 is divided by 30?
27
Calculate the remainder when 703 is divided by 44.
43
Calculate the remainder when 7775 is divided by 31.
25
Calculate the remainder when 1810 is divided by 601.
7
Calculate the remainder when 573 is divided by 187.
12
Calculate the remainder when 50 is divided by 19.
12
Calculate the remainder when 1715 is divided by 6.
5
What is the remainder when 841 is divided by 242?
115
What is the remainder when 1403 is divided by 101?
90
What is the remainder when 580 is divided by 83?
82
What is the remainder when 1050 is divided by 34?
30
What is the remainder when 392 is divided by 149?
94
What is the remainder when 721 is divided by 59?
13
Calculate the remainder when 460 is divided by 11.
9
Calculate the remainder when 174 is divided by 31.
19
Calculate the remainder when 598 is divided by 50.
48
Calculate the remainder when 868 is divided by 10.
8
What is the remainder when 70517 is divided by 219?
218
What is the remainder when 38 is divided by 8?
6
What is the remainder when 2217 is divided by 733?
18
Calculate the remainder when 306 is divided by 77.
75
What is the remainder when 39 is divided by 8?
7
Calculate the remainder when 142 is divided by 25.
17
Calculate the remainder when 1481 is divided by 354.
65
Calculate the remainder when 224 is divided by 35.
14
What is the remainder when 168 is divided by 58?
52
Calculate the remainder when 125 is divided by 7.
6
Calculate the remainder when 501 is divided by 125.
1
What is the remainder when 226 is divided by 19?
17
Calculate the remainder when 359 is divided by 153.
53
What is the remainder when 125 is divided by 58?
9
What is the remainder when 275 is divided by 125?
25
What is the remainder when 686 is divided by 86?
84
What is the remainder when 7639 is divided by 2542?
13
Calculate the remainder when 453 is divided by 12.
9
Calculate the remainder when 528 is divided by 19.
15
What is the remainder when 102 is divided by 26?
24
Calculate the remainder when 622 is divided by 201.
19
What is the remainder when 719 is divided by 357?
5
Calculate the remainder when 196 is divided by 67.
62
Calculate the remainder when 656 is divided by 132.
128
Calculate the remainder when 170 is divided by 77.
16
What is the remainder when 133 is divided by 44?
1
What is the remainder when 1370 is divided by 449?
23
What is the remainder when 7538 is divided by 58?
56
Calculate the remainder when 110 is divided by 59.
51
Calculate the remainder when 105 is divided by 50.
5
Calculate the remainder when 1137 is divided by 56.
17
What is the remainder when 1039 is divided by 74?
3
What is the remainder when 7357 is divided by 26?
25
What is the remainder when 911 is divided by 62?
43
What is the remainder when 9279 is divided by 39?
36
Calculate the remainder when 193 is divided by 22.
17
What is the remainder when 3347 is divided by 1654?
39
Calculate the remainder when 324 is divided by 5.
4
Calculate the remainder when 492 is divided by 76.
36
Calculate the remainder when 62 is divided by 10.
2
Calculate the remainder when 229 is divided by 81.
67
Calculate the remainder when 252 is divided by 237.
15
Calculate the remainder when 685 is divided by 14.
13
Calculate the remainder when 130 is divided by 6.
4
Calculate the remainder when 173 is divided by 22.
19
Calculate the remainder when 1733 is divided by 345.
8
Calculate the remainder when 553 is divided by 178.
19
Calculate the remainder when 202 is divided by 91.
20
What is the remainder when 204 is divided by 21?
15
What is the remainder when 534 is divided by 43?
18
What is the remainder when 1693 is divided by 63?
55
What is the remainder when 857 is divided by 369?
119
What is the remainder when 751 is divided by 16?
15
Calculate the remainder when 1772 is divided by 222.
218
Calculate the remainder when 869 is divided by 20.
9
Calculate the remainder when 5427 is divided by 23.
22
Calculate the remainder when 388 is divided by 78.
76
What is the remainder when 2582 is divided by 15?
2
What is the remainder when 86 is divided by 63?
23
Calculate the remainder when 473 is divided by 241.
232
What is the remainder when 183 is divided by 99?
84
Calculate the remainder when 381 is divided by 17.
7
Calculate the remainder when 371 is divided by 62.
61
What is the remainder when 696 is divided by 117?
111
What is the remainder when 1117 is divided by 28?
25
What is the remainder when 1751 is divided by 110?
101
What is the remainder when 26 is divided by 15?
11
What is the remainder when 294 is divided by 105?
84
What is the remainder when 103 is divided by 92?
11
What is the remainder when 154 is divided by 84?
70
Calculate the remainder when 116 is divided by 8.
4
What is the remainder when 113 is divided by 19?
18
What is the remainder when 215 is divided by 20?
15
Calculate the remainder when 15 is divided by 3.
0
Calculate the remainder when 203 is divided by 95.
13
What is the remainder when 116 is divided by 30?
26
What is the remainder when 309 is divided by 174?
135
Calculate the remainder when 3315 is divided by 166.
161
What is the remainder when 749 is divided by 63?
56
What is the remainder when 147 is divided by 49?
0
Calculate the remainder when 24 is divided by 20.
4
Calculate the remainder when 2218 is divided by 10.
8
Calculate the remainder when 5397 is divided by 1798.
3
What is the remainder when 897 is divided by 60?
57
What is the remainder when 845 is divided by 106?
103
Calculate the remainder when 85 is divided by 43.
42
Calculate the remainder when 110 is divided by 87.
23
What is the remainder when 1020 is divided by 156?
84
Calculate the remainder when 283 is divided by 73.
64
What is the remainder when 143 is divided by 54?
35
What is the remainder when 2415 is divided by 16?
15
Calculate the remainder when 321 is divided by 17.
15
What is the remainder when 266 is divided by 126?
14
What is the remainder when 81 is divided by 30?
21
What is the remainder when 767 is divided by 24?
23
Calculate the remainder when 18 is divided by 4.
2
Calculate the remainder when 58 is divided by 20.
18
What is the remainder when 1289 is divided by 130?
119
Calculate the remainder when 305 is divided by 17.
16
What is the remainder when 125 is divided by 18?
17
What is the remainder when 180 is divided by 32?
20
What is the remainder when 797 is divided by 6?
5
Calculate the remainder when 614 is divided by 346.
268
What is the remainder when 1306 is divided by 109?
107
What is the remainder when 1861 is divided by 34?
25
Calculate the remainder when 502 is divided by 251.
0
Calculate the remainder when 669 is divided by 7.
4
Calculate the remainder when 713 is divided by 350.
13
Calculate the remainder when 14167 is divided by 13.
10
Calculate the remainder when 29154 is divided by 122.
118
Calculate the remainder when 210 is divided by 8.
2
What is the remainder when 657 is divided by 15?
12
Calculate the remainder when 303 is divided by 78.
69
Calculate the remainder when 612 is divided by 24.
12
What is the remainder when 10369 is divided by 170?
169
What is the remainder when 545 is divided by 61?
57
What is the remainder when 283 is divided by 57?
55
What is the remainder when 1214 is divided by 16?
14
What is the remainder when 745 is divided by 61?
13
What is the remainder when 229 is divided by